
Let h be (-375)/(-100)*(-108)/(-15). Suppose 0 = h*y + 18*y - 2025. Suppose 0 = -0*n + n - 30. What is the greatest common divisor of n and y?
15
Let w(r) = 3*r + 28. Let t be w(-19). Let h = t + 31. Suppose 40 = 3*l + 4*o - 8*o, -h*l + o + 25 = 0. Calculate the greatest common divisor of l and 108.
12
Let l(k) = -2*k**3 - 17 + 2*k**3 - 28*k - k**3 + 8*k + 22*k**2. Let p be l(21). Suppose p*w + 234 = 13*w. What is the greatest common divisor of 39 and w?
13
Suppose 133*h - 169334 = 74560 + 1278690. Calculate the greatest common factor of h and 18.
18
Let l(x) = -x + 8. Let c be l(-7). Suppose 15*m + 2544 = -651. Let v = m - -378. What is the greatest common factor of c and v?
15
Let f(o) = o**2 + 8*o - 148. Let g be f(-23). Let i = g - 162. Calculate the highest common factor of 5 and i.
5
Let u be ((-5)/(-2)*52)/(8 + -6). Let n(b) = b**2 - 43*b + 81. Let k be n(42). What is the highest common factor of u and k?
13
Let d(x) = -8*x - 58. Let w be d(-8). Let r be (1/w)/(24/432). What is the greatest common factor of 4 and r?
1
Let q = 40 + -16. Let f be (20/(-6))/(q/(-108)). Let m = 162 - 42. What is the highest common divisor of f and m?
15
Let a be 6*(-68)/(-40) + (-1)/5. Let x be 39/60*4 + 4/a. Calculate the highest common factor of x and 9.
3
Let q = 310 - 313. Let v be -2 - (q - (-909)/(-3)). Calculate the highest common factor of 16 and v.
16
Let d be 9 + 0/(-2)*(0 + 1). Suppose -d*f + 203 = -31. Suppose 8*z - 7*z - f = 0. Calculate the greatest common divisor of z and 78.
26
Let x(h) = h**2 - h + 1. Let t be x(0). Let k be ((-54)/(-3))/(t/2). Let n be 8/((9 - 7) + ((-46)/12 - -2)). Calculate the greatest common factor of k and n.
12
Let u be ((-288)/27)/((-1)/15). Let g = 209 - 250. Let n be (-1)/2 + g/(-2). Calculate the highest common factor of u and n.
20
Let g be 323/38*(14 - 10). Calculate the greatest common divisor of 1088 and g.
34
Let v be (144/28)/(2/14). Suppose 5*q - 270 = n, -5*q = -5*n - 166 - 104. What is the highest common divisor of q and v?
18
Let x = -454 - -456. Calculate the greatest common divisor of 71 and x.
1
Suppose -6*c - 68 = -8*c - 2*a, -5*c + 3*a + 146 = 0. What is the highest common divisor of c and 899?
31
Suppose 1556*y + 988 = 1575*y. Calculate the highest common factor of y and 4589.
13
Let m be 3/2 + 1/2 + 130. Suppose -i - m = -4*i. Let t = -8 - -12. Calculate the highest common factor of t and i.
4
Let t be (83 - 70/10) + 8. What is the highest common divisor of t and 714?
42
Let n(m) = -10*m**2 - 120*m + 134. Let b be n(-13). Calculate the greatest common factor of 128 and b.
4
Suppose 33*a - 98 = -13 + 113. Suppose -45 = -4*m + 123. What is the highest common factor of a and m?
6
Suppose 2 = -5*k + 27. Suppose -77 - 43 = -k*i. What is the greatest common factor of 60 and i?
12
Let m be (-18)/(-153) + (-200)/(-34). Let c = 59 - 51. Suppose c*r = 5*r + m. What is the greatest common divisor of 2 and r?
2
Let f = 2181 - 2174. Calculate the highest common divisor of f and 2849.
7
Suppose 236*i + 866000 = 21*i + 5895280. Calculate the greatest common divisor of 16 and i.
16
Let q = 183 + 116. What is the highest common divisor of q and 143?
13
Suppose 7*u + 21 = -0*u. Let h be 3*-2*((-28)/(-24) - 1). Let y be 3 + u + 289 - h. What is the highest common divisor of y and 29?
29
Suppose 9*k = 269 + 109. Let c(o) = -o + 22. Let p(z) = 2*z - 45. Let w(h) = 5*c(h) + 2*p(h). Let g be w(14). Calculate the greatest common divisor of k and g.
6
Suppose -3*u = -27 + 3. Let a be 13/5 + 542/1355. Calculate the highest common divisor of u and a.
1
Suppose -7*t + 2*t + 210 = 5*n, 0 = -3*n + 3*t + 126. Suppose -v = 1045 - 3819. Suppose v*q - 126 = 2768*q. Calculate the greatest common divisor of n and q.
21
Let g = -2364 - -2468. What is the highest common divisor of 1976 and g?
104
Suppose -63*c + 66*c = 12. Let k be 10 + (5 - c) + -3. Let z be (-30)/8*(-48)/9. Calculate the greatest common divisor of k and z.
4
Suppose h = 5*i + 7, -2*i + 45*h + 8 = 41*h. Let u be 9378/51 + ((-64)/34 - i). What is the greatest common divisor of 23 and u?
23
Suppose -1 = -8*g - 9. Let a(c) = 2*c**2 + 2*c + 2. Let d be a(g). Suppose d*l - 10 = 2*h - 26, l + 30 = 3*h. Calculate the greatest common divisor of 11 and h.
11
Let n(t) = -525*t + 149. Let p be n(-15). Calculate the greatest common divisor of 118 and p.
118
Suppose 149 = 19*b - 18*b + 2*g, 453 = 3*b + 4*g. Calculate the highest common factor of b and 124.
31
Suppose -1265 + 423 = -2*r. Suppose 4*m - 1381 = -r. What is the greatest common divisor of 10 and m?
10
Let b(o) = -1224*o + 6154. Let a be b(5). Calculate the greatest common factor of 71196 and a.
34
Suppose 46*s - 18 = 43*s. Suppose -18 = -24*i + s*i. Let w be -1 + 93 + (1 - (i + 2)). What is the greatest common factor of w and 9?
9
Let d(q) = -15*q**3 + 11*q**2 + 15*q + 105. Let v be d(-5). What is the greatest common factor of v and 2?
2
Suppose -12125 = -114*c + 7*c + 10*c. What is the highest common factor of 3475 and c?
25
Let g = 8883 + -8878. Let n = 38 + 7. What is the greatest common factor of n and g?
5
Let y(v) = 3*v**2 + 72*v - 13. Let d be y(23). What is the greatest common factor of 340 and d?
170
Let s = -87 + 83. Let c be (8 + 34/s)*-644. What is the highest common divisor of 14 and c?
14
Suppose 2*i - 7 = -m, 2*m + 532 - 542 = 0. Suppose -2*y - 34 = -4*y. Suppose -3*q + y = -10. Calculate the highest common factor of i and q.
1
Suppose 5*y = -3*q + 63, 0 = 3*q - q - y - 29. What is the greatest common factor of 4208 and q?
16
Suppose 119*q - 116*q - 10*o = 635, -3*o + 180 = q. Calculate the greatest common factor of 1560 and q.
195
Let r = 154 + -152. Let f(w) = 9*w**2 - 3*w - 3. Let s be f(r). Let k(q) = q**3 + q**2 + 81. Let o be k(0). Calculate the greatest common factor of o and s.
27
Suppose -70*o = 62*o - 31*o - 2828. Calculate the greatest common divisor of o and 6356.
28
Let b(p) = -2*p**3 - 21*p**2 - 14*p - 22. Suppose 19 = -7*a - 51. Let h be b(a). What is the highest common factor of h and 72?
18
Suppose 4*s = -l + 20, 18*l - 16*l + 2*s = 10. Suppose 16 = h + 3*i, l*h + h - 2*i = 16. Calculate the greatest common factor of 48 and h.
16
Let j = 433 - 315. Suppose -2*s + 21 = 2*g - 231, -g + j = -3*s. Calculate the highest common divisor of 434 and g.
62
Let z = 2751 - 2643. Calculate the highest common divisor of 480 and z.
12
Suppose 82 + 98 = 12*z. Suppose 0 = 4*a - 5*t - 53, -2*a + 2*t = 7 - 31. Suppose a + 8 = w. What is the greatest common factor of z and w?
15
Suppose -96*f + 100*f + 316 = 0. Let u = 82 + f. Calculate the highest common factor of u and 27.
3
Suppose 4*p + 198*z - 203*z = 22530, -5637 = -p + 2*z. Calculate the greatest common divisor of p and 9.
9
Let s = -2634 - -3318. Calculate the highest common divisor of 288 and s.
36
Let w = -46 + 49. Suppose r = -d + w, 3*d - 3*r - 3 = 12. Suppose t = d*t - 180. Calculate the highest common factor of t and 20.
20
Suppose 3*g - 206 = -5*l, 0*l = 4*l - 2*g - 156. Suppose 100 - l = 6*v. Calculate the greatest common factor of v and 10.
10
Let o = 26882 + -26673. Suppose 0 = -3*a - 3*v + 57 + 6, -2*v = -2*a + 34. What is the greatest common factor of o and a?
19
Let k = -1278 + 210. Let j = 2972 + k. What is the greatest common divisor of 112 and j?
112
Suppose 700*x - 696*x - 3*j = 20314, -5*j + 15279 = 3*x. What is the highest common divisor of x and 17?
17
Suppose -6*h + 23*h = 4845. Suppose 4*g = 115 + h. What is the highest common divisor of g and 25?
25
Let t be 35/30 - 41994/(-108). Calculate the greatest common factor of t and 5590.
130
Let i(u) = -2*u**3 + 19*u**2 + 9*u + 24. Let l(f) = -f**3 + 3*f**2 + 20*f - 2. Let g be l(6). Let o be i(g). Calculate the highest common divisor of o and 63.
7
Let y be ((-116)/(-20) + -1)/(35/350). What is the greatest common divisor of 256 and y?
16
Let i(u) = -u**2 + 21*u - 42. Let p be i(19). Let f be -4 + (1/(-4) - 521/p). Suppose 0 = -14*s - 11 + 207. Calculate the highest common divisor of f and s.
14
Let g(c) = -3*c + 2. Suppose 5*s = -3*q + 10, 0 = -6*q + 2*q + s - 25. Let v be g(q). Suppose -134 + 15 = -y. What is the greatest common factor of v and y?
17
Let m(a) = -1 + a**3 + 0 + a - 9*a**2 - 9*a - 3. Let w be m(10). Suppose r = w - 4. Calculate the highest common factor of 84